{"id":450,"date":"2021-08-30T10:56:29","date_gmt":"2021-08-30T10:56:29","guid":{"rendered":"https:\/\/www.schweitzer-heizungsbau.de\/?page_id=450"},"modified":"2021-08-30T12:44:00","modified_gmt":"2021-08-30T12:44:00","slug":"trends","status":"publish","type":"page","link":"https:\/\/www.schweitzer-heizungsbau.de\/index.php\/trends\/","title":{"rendered":"Trends"},"content":{"rendered":"\t\t<div data-elementor-type=\"wp-page\" data-elementor-id=\"450\" class=\"elementor elementor-450\">\n\t\t\t\t\t\t<section class=\"elementor-section elementor-top-section elementor-element elementor-element-defc970 elementor-section-boxed elementor-section-height-default elementor-section-height-default\" data-id=\"defc970\" data-element_type=\"section\" data-e-type=\"section\">\n\t\t\t\t\t\t<div class=\"elementor-container elementor-column-gap-default\">\n\t\t\t\t\t<div class=\"elementor-column elementor-col-100 elementor-top-column elementor-element elementor-element-069b485\" data-id=\"069b485\" data-element_type=\"column\" data-e-type=\"column\">\n\t\t\t<div class=\"elementor-widget-wrap elementor-element-populated\">\n\t\t\t\t\t\t<div class=\"elementor-element elementor-element-bee4c6c elementor-widget elementor-widget-image\" data-id=\"bee4c6c\" data-element_type=\"widget\" data-e-type=\"widget\" data-widget_type=\"image.default\">\n\t\t\t\t<div class=\"elementor-widget-container\">\n\t\t\t\t\t\t\t\t\t\t\t\t\t\t\t<img fetchpriority=\"high\" decoding=\"async\" width=\"684\" height=\"505\" src=\"https:\/\/www.schweitzer-heizungsbau.de\/wp-content\/uploads\/2021\/08\/trends1.jpg\" class=\"attachment-large size-large wp-image-452\" alt=\"Trends1\" srcset=\"https:\/\/www.schweitzer-heizungsbau.de\/wp-content\/uploads\/2021\/08\/trends1.jpg 684w, https:\/\/www.schweitzer-heizungsbau.de\/wp-content\/uploads\/2021\/08\/trends1-300x221.jpg 300w\" sizes=\"(max-width: 684px) 100vw, 684px\" title=\"Trends\">\t\t\t\t\t\t\t\t\t\t\t\t\t\t\t<\/div>\n\t\t\t\t<\/div>\n\t\t\t\t\t<\/div>\n\t\t<\/div>\n\t\t\t\t\t<\/div>\n\t\t<\/section>\n\t\t\t\t<section class=\"elementor-section elementor-top-section elementor-element elementor-element-669d6fb2 elementor-section-boxed elementor-section-height-default elementor-section-height-default\" data-id=\"669d6fb2\" data-element_type=\"section\" data-e-type=\"section\">\n\t\t\t\t\t\t<div class=\"elementor-container elementor-column-gap-default\">\n\t\t\t\t\t<div class=\"elementor-column elementor-col-100 elementor-top-column elementor-element elementor-element-77bf109b\" data-id=\"77bf109b\" data-element_type=\"column\" data-e-type=\"column\">\n\t\t\t<div class=\"elementor-widget-wrap elementor-element-populated\">\n\t\t\t\t\t\t<div class=\"elementor-element elementor-element-1e286dae elementor-widget elementor-widget-text-editor\" data-id=\"1e286dae\" data-element_type=\"widget\" data-e-type=\"widget\" data-widget_type=\"text-editor.default\">\n\t\t\t\t<div class=\"elementor-widget-container\">\n\t\t\t\t\t\t\t\t\t<h4>Trend Nr. 1: Starke Farben<\/h4><p>\u00dcberlassen Sie Wei\u00df und Creme dem Mainstream.<\/p><p>Denn Badezimmer setzen wieder auf Farbe.<\/p><p>\u00a0<\/p><p><span style=\"color: #c33143; font-family: inherit; font-size: 18px; font-weight: bold; letter-spacing: -0.02em;\">Trend Nr.2: Beleuchtete Badausstattung<\/span><\/p><ul><li>Hier entdecken wir immer \u00f6fter spannende Lichtideen, die \u00fcber die klassische Badbeleuchtung hinausgehen. Duschsysteme mit Farblicht &#8211; unterst\u00fctzen den erfrischenden oder entspannenden Effekt des Duschbades<\/li><li>LED-Spiegelschr\u00e4nke &#8211; helfen nicht nur beim Schminken und Rasieren, sondern dank unterschiedlicher Lichtstimmungen auch beim Wachwerden und Entspannen<\/li><\/ul>\t\t\t\t\t\t\t\t<\/div>\n\t\t\t\t<\/div>\n\t\t\t\t\t<\/div>\n\t\t<\/div>\n\t\t\t\t\t<\/div>\n\t\t<\/section>\n\t\t\t\t<section class=\"elementor-section elementor-top-section elementor-element elementor-element-4b3b32f elementor-section-boxed elementor-section-height-default elementor-section-height-default\" data-id=\"4b3b32f\" data-element_type=\"section\" data-e-type=\"section\">\n\t\t\t\t\t\t<div class=\"elementor-container elementor-column-gap-default\">\n\t\t\t\t\t<div class=\"elementor-column elementor-col-100 elementor-top-column elementor-element elementor-element-20ee5b1\" data-id=\"20ee5b1\" data-element_type=\"column\" data-e-type=\"column\">\n\t\t\t<div class=\"elementor-widget-wrap elementor-element-populated\">\n\t\t\t\t\t\t<div class=\"elementor-element elementor-element-41794c5 elementor-widget elementor-widget-image\" data-id=\"41794c5\" data-element_type=\"widget\" data-e-type=\"widget\" data-widget_type=\"image.default\">\n\t\t\t\t<div class=\"elementor-widget-container\">\n\t\t\t\t\t\t\t\t\t\t\t\t\t\t\t<img decoding=\"async\" width=\"572\" height=\"434\" src=\"https:\/\/www.schweitzer-heizungsbau.de\/wp-content\/uploads\/2021\/08\/trends2.jpg\" class=\"attachment-large size-large wp-image-466\" alt=\"Trends2\" srcset=\"https:\/\/www.schweitzer-heizungsbau.de\/wp-content\/uploads\/2021\/08\/trends2.jpg 572w, https:\/\/www.schweitzer-heizungsbau.de\/wp-content\/uploads\/2021\/08\/trends2-300x228.jpg 300w, https:\/\/www.schweitzer-heizungsbau.de\/wp-content\/uploads\/2021\/08\/trends2-160x120.jpg 160w\" sizes=\"(max-width: 572px) 100vw, 572px\" title=\"Trends\">\t\t\t\t\t\t\t\t\t\t\t\t\t\t\t<\/div>\n\t\t\t\t<\/div>\n\t\t\t\t\t<\/div>\n\t\t<\/div>\n\t\t\t\t\t<\/div>\n\t\t<\/section>\n\t\t\t\t<section class=\"elementor-section elementor-top-section elementor-element elementor-element-164873e elementor-section-boxed elementor-section-height-default elementor-section-height-default\" data-id=\"164873e\" data-element_type=\"section\" data-e-type=\"section\">\n\t\t\t\t\t\t<div class=\"elementor-container elementor-column-gap-default\">\n\t\t\t\t\t<div class=\"elementor-column elementor-col-100 elementor-top-column elementor-element elementor-element-5692faa\" data-id=\"5692faa\" data-element_type=\"column\" data-e-type=\"column\">\n\t\t\t<div class=\"elementor-widget-wrap elementor-element-populated\">\n\t\t\t\t\t\t<div class=\"elementor-element elementor-element-fc01377 elementor-widget elementor-widget-text-editor\" data-id=\"fc01377\" data-element_type=\"widget\" data-e-type=\"widget\" data-widget_type=\"text-editor.default\">\n\t\t\t\t<div class=\"elementor-widget-container\">\n\t\t\t\t\t\t\t\t\t<h4>Trend Nr. 3: Schwarz<\/h4><p>An Schwarz kommt auch 2021 keiner vorbei.<\/p><p>Denn schwarze Badausstattung begegnet uns in allen Bereichen:<\/p><ul><li>Als schwarze Badkeramik, zum Beispiel schwarze WCs und schwarze Waschbecken<\/li><li>Schwarze Badarmaturen und Accessoires<\/li><li>Schwarze Badm\u00f6bel sowie<\/li><li>Bade- und Duschwannen\u00a0<\/li><\/ul>\t\t\t\t\t\t\t\t<\/div>\n\t\t\t\t<\/div>\n\t\t\t\t\t<\/div>\n\t\t<\/div>\n\t\t\t\t\t<\/div>\n\t\t<\/section>\n\t\t\t\t<section class=\"elementor-section elementor-top-section elementor-element elementor-element-494a4e9 elementor-section-boxed elementor-section-height-default elementor-section-height-default\" data-id=\"494a4e9\" data-element_type=\"section\" data-e-type=\"section\">\n\t\t\t\t\t\t<div class=\"elementor-container elementor-column-gap-default\">\n\t\t\t\t\t<div class=\"elementor-column elementor-col-100 elementor-top-column elementor-element elementor-element-548add1\" data-id=\"548add1\" data-element_type=\"column\" data-e-type=\"column\">\n\t\t\t<div class=\"elementor-widget-wrap elementor-element-populated\">\n\t\t\t\t\t\t<div class=\"elementor-element elementor-element-0717523 elementor-widget elementor-widget-image\" data-id=\"0717523\" data-element_type=\"widget\" data-e-type=\"widget\" data-widget_type=\"image.default\">\n\t\t\t\t<div class=\"elementor-widget-container\">\n\t\t\t\t\t\t\t\t\t\t\t\t\t\t\t<img decoding=\"async\" width=\"455\" height=\"655\" src=\"https:\/\/www.schweitzer-heizungsbau.de\/wp-content\/uploads\/2021\/08\/trends3.jpg\" class=\"attachment-large size-large wp-image-467\" alt=\"Trends3\" srcset=\"https:\/\/www.schweitzer-heizungsbau.de\/wp-content\/uploads\/2021\/08\/trends3.jpg 455w, https:\/\/www.schweitzer-heizungsbau.de\/wp-content\/uploads\/2021\/08\/trends3-208x300.jpg 208w\" sizes=\"(max-width: 455px) 100vw, 455px\" title=\"Trends\">\t\t\t\t\t\t\t\t\t\t\t\t\t\t\t<\/div>\n\t\t\t\t<\/div>\n\t\t\t\t\t<\/div>\n\t\t<\/div>\n\t\t\t\t\t<\/div>\n\t\t<\/section>\n\t\t\t\t<section class=\"elementor-section elementor-top-section elementor-element elementor-element-d57d2ce elementor-section-boxed elementor-section-height-default elementor-section-height-default\" data-id=\"d57d2ce\" data-element_type=\"section\" data-e-type=\"section\">\n\t\t\t\t\t\t<div class=\"elementor-container elementor-column-gap-default\">\n\t\t\t\t\t<div class=\"elementor-column elementor-col-100 elementor-top-column elementor-element elementor-element-17b1710\" data-id=\"17b1710\" data-element_type=\"column\" data-e-type=\"column\">\n\t\t\t<div class=\"elementor-widget-wrap elementor-element-populated\">\n\t\t\t\t\t\t<div class=\"elementor-element elementor-element-d48c744 elementor-widget elementor-widget-text-editor\" data-id=\"d48c744\" data-element_type=\"widget\" data-e-type=\"widget\" data-widget_type=\"text-editor.default\">\n\t\t\t\t<div class=\"elementor-widget-container\">\n\t\t\t\t\t\t\t\t\t<h4>Trend Nr. 4: Mineralguss<\/h4><p>Der Mix aus pulverf\u00f6rmigen Mineralien, Kunstharzen und Farbpigmenten ist einer der Aufsteiger, was Materialien f\u00fcr Badeinrichtung betrifft.<\/p><p>Leicht, formbar und dennoch stabil erm\u00f6glicht er Badausstattung in v\u00f6llig neuen Formen &#8211; wie die beliebten, schmalen Waschtische, die direkt auf dem Unterschrank aufliegen.<\/p><p>Freistehende Mineralgussbadewannen, die ohne Gestell oder verkleideten Sockel auskommen.<\/p><p>Oder Mineralgussduschwannen, die sich mit entsprechendem Werkzeug auf Ma\u00df auch in ung\u00fcnstige Ecken einpassen lassen.<\/p>\t\t\t\t\t\t\t\t<\/div>\n\t\t\t\t<\/div>\n\t\t\t\t\t<\/div>\n\t\t<\/div>\n\t\t\t\t\t<\/div>\n\t\t<\/section>\n\t\t\t\t<section class=\"elementor-section elementor-top-section elementor-element elementor-element-736d1d8 elementor-section-boxed elementor-section-height-default elementor-section-height-default\" data-id=\"736d1d8\" data-element_type=\"section\" data-e-type=\"section\">\n\t\t\t\t\t\t<div class=\"elementor-container elementor-column-gap-default\">\n\t\t\t\t\t<div class=\"elementor-column elementor-col-100 elementor-top-column elementor-element elementor-element-df310ea\" data-id=\"df310ea\" data-element_type=\"column\" data-e-type=\"column\">\n\t\t\t<div class=\"elementor-widget-wrap elementor-element-populated\">\n\t\t\t\t\t\t<div class=\"elementor-element elementor-element-d10210f elementor-widget elementor-widget-image\" data-id=\"d10210f\" data-element_type=\"widget\" data-e-type=\"widget\" data-widget_type=\"image.default\">\n\t\t\t\t<div class=\"elementor-widget-container\">\n\t\t\t\t\t\t\t\t\t\t\t\t\t\t\t<img loading=\"lazy\" decoding=\"async\" width=\"442\" height=\"300\" src=\"https:\/\/www.schweitzer-heizungsbau.de\/wp-content\/uploads\/2021\/08\/trends5-1.png\" class=\"attachment-large size-large wp-image-473\" alt=\"Trends5 1\" srcset=\"https:\/\/www.schweitzer-heizungsbau.de\/wp-content\/uploads\/2021\/08\/trends5-1.png 442w, https:\/\/www.schweitzer-heizungsbau.de\/wp-content\/uploads\/2021\/08\/trends5-1-300x204.png 300w\" sizes=\"(max-width: 442px) 100vw, 442px\" title=\"Trends\">\t\t\t\t\t\t\t\t\t\t\t\t\t\t\t<\/div>\n\t\t\t\t<\/div>\n\t\t\t\t\t<\/div>\n\t\t<\/div>\n\t\t\t\t\t<\/div>\n\t\t<\/section>\n\t\t\t\t<section class=\"elementor-section elementor-top-section elementor-element elementor-element-2c2cb32 elementor-section-boxed elementor-section-height-default elementor-section-height-default\" data-id=\"2c2cb32\" data-element_type=\"section\" data-e-type=\"section\">\n\t\t\t\t\t\t<div class=\"elementor-container elementor-column-gap-default\">\n\t\t\t\t\t<div class=\"elementor-column elementor-col-100 elementor-top-column elementor-element elementor-element-eabfcca\" data-id=\"eabfcca\" data-element_type=\"column\" data-e-type=\"column\">\n\t\t\t<div class=\"elementor-widget-wrap elementor-element-populated\">\n\t\t\t\t\t\t<div class=\"elementor-element elementor-element-66dbf14 elementor-widget elementor-widget-text-editor\" data-id=\"66dbf14\" data-element_type=\"widget\" data-e-type=\"widget\" data-widget_type=\"text-editor.default\">\n\t\t\t\t<div class=\"elementor-widget-container\">\n\t\t\t\t\t\t\t\t\t<h4>Trend Nr. 5: Farbige Armaturen, Metallic Wasserh\u00e4hne\u00a0<\/h4><p>&#8230; es sind keine Grenzen mehr gesetzt. Gestaltungsfreiheit f\u00fcr Ihr Badezimmer. Ob mit metallic oder matten Farben, richten Sie Ihr Traumbad ganz nach Ihren individuellen W\u00fcnschen ein.<\/p>\t\t\t\t\t\t\t\t<\/div>\n\t\t\t\t<\/div>\n\t\t\t\t\t<\/div>\n\t\t<\/div>\n\t\t\t\t\t<\/div>\n\t\t<\/section>\n\t\t\t\t<\/div>\n\t\t","protected":false},"excerpt":{"rendered":"<p>Trend Nr. 1: Starke Farben \u00dcberlassen Sie Wei\u00df und Creme dem Mainstream. Denn Badezimmer setzen wieder auf Farbe. \u00a0 Trend Nr.2: Beleuchtete Badausstattung Hier entdecken wir immer \u00f6fter spannende Lichtideen, die \u00fcber die klassische Badbeleuchtung hinausgehen. Duschsysteme mit Farblicht &#8211; unterst\u00fctzen den erfrischenden oder entspannenden Effekt des Duschbades LED-Spiegelschr\u00e4nke &#8211; helfen nicht nur beim Schminken&hellip;<\/p>\n","protected":false},"author":1,"featured_media":0,"parent":0,"menu_order":0,"comment_status":"closed","ping_status":"closed","template":"","meta":{"footnotes":""},"class_list":["post-450","page","type-page","status-publish","hentry"],"_links":{"self":[{"href":"https:\/\/www.schweitzer-heizungsbau.de\/index.php\/wp-json\/wp\/v2\/pages\/450","targetHints":{"allow":["GET"]}}],"collection":[{"href":"https:\/\/www.schweitzer-heizungsbau.de\/index.php\/wp-json\/wp\/v2\/pages"}],"about":[{"href":"https:\/\/www.schweitzer-heizungsbau.de\/index.php\/wp-json\/wp\/v2\/types\/page"}],"author":[{"embeddable":true,"href":"https:\/\/www.schweitzer-heizungsbau.de\/index.php\/wp-json\/wp\/v2\/users\/1"}],"replies":[{"embeddable":true,"href":"https:\/\/www.schweitzer-heizungsbau.de\/index.php\/wp-json\/wp\/v2\/comments?post=450"}],"version-history":[{"count":0,"href":"https:\/\/www.schweitzer-heizungsbau.de\/index.php\/wp-json\/wp\/v2\/pages\/450\/revisions"}],"wp:attachment":[{"href":"https:\/\/www.schweitzer-heizungsbau.de\/index.php\/wp-json\/wp\/v2\/media?parent=450"}],"curies":[{"name":"wp","href":"https:\/\/api.w.org\/{rel}","templated":true}]}}