{"id":552,"date":"2021-08-31T11:33:09","date_gmt":"2021-08-31T11:33:09","guid":{"rendered":"https:\/\/www.schweitzer-heizungsbau.de\/?page_id=552"},"modified":"2021-09-07T07:22:41","modified_gmt":"2021-09-07T07:22:41","slug":"installation-und-wartung","status":"publish","type":"page","link":"https:\/\/www.schweitzer-heizungsbau.de\/index.php\/installation-und-wartung\/","title":{"rendered":"Installation und Wartung"},"content":{"rendered":"\t\t<div data-elementor-type=\"wp-page\" data-elementor-id=\"552\" class=\"elementor elementor-552\">\n\t\t\t\t\t\t<section class=\"elementor-section elementor-top-section elementor-element elementor-element-669d6fb2 elementor-section-boxed elementor-section-height-default elementor-section-height-default\" data-id=\"669d6fb2\" data-element_type=\"section\" data-e-type=\"section\">\n\t\t\t\t\t\t<div class=\"elementor-container elementor-column-gap-default\">\n\t\t\t\t\t<div class=\"elementor-column elementor-col-100 elementor-top-column elementor-element elementor-element-77bf109b\" data-id=\"77bf109b\" data-element_type=\"column\" data-e-type=\"column\">\n\t\t\t<div class=\"elementor-widget-wrap elementor-element-populated\">\n\t\t\t\t\t\t<div class=\"elementor-element elementor-element-bee4c6c elementor-widget elementor-widget-image\" data-id=\"bee4c6c\" data-element_type=\"widget\" data-e-type=\"widget\" data-widget_type=\"image.default\">\n\t\t\t\t<div class=\"elementor-widget-container\">\n\t\t\t\t\t\t\t\t\t\t\t\t\t\t\t<img fetchpriority=\"high\" decoding=\"async\" width=\"159\" height=\"321\" src=\"https:\/\/www.schweitzer-heizungsbau.de\/wp-content\/uploads\/2021\/09\/installation1.png\" class=\"attachment-large size-large wp-image-702\" alt=\"Installation1\" srcset=\"https:\/\/www.schweitzer-heizungsbau.de\/wp-content\/uploads\/2021\/09\/installation1.png 159w, https:\/\/www.schweitzer-heizungsbau.de\/wp-content\/uploads\/2021\/09\/installation1-149x300.png 149w\" sizes=\"(max-width: 159px) 100vw, 159px\" title=\"Installation und Wartung\">\t\t\t\t\t\t\t\t\t\t\t\t\t\t\t<\/div>\n\t\t\t\t<\/div>\n\t\t\t\t<div class=\"elementor-element elementor-element-1e286dae elementor-widget elementor-widget-text-editor\" data-id=\"1e286dae\" data-element_type=\"widget\" data-e-type=\"widget\" data-widget_type=\"text-editor.default\">\n\t\t\t\t<div class=\"elementor-widget-container\">\n\t\t\t\t\t\t\t\t\t<p>Als Meisterbetrieb und Innungsmitglied haben wir alle n\u00f6tigen Zulassungen wie z.B. Gas- und Wasserkonzessionen. Weiterhin sind wir Mitglied bei der \u00dcberwachungsgemeinschaft SHK mit Zulassung f\u00fcr \u00d6ltankanlagen. Unsere Mitarbeiter werden durch st\u00e4ndige Weiterbildung bei den Herstellern bestens geschult und sind dadurch technisch immer auf dem neuesten Stand. Lassen Sie Ihre Heizungsanlage und Haustechnik j\u00e4hrlich warten. Durch Reinigung, \u00dcberpr\u00fcfung und Einmessen werden sich Ihre Kosten verringern und man kann eventuelle Sch\u00e4den fr\u00fchzeitig erkennen. Nutzen Sie unser Know-how!!!<\/p>\t\t\t\t\t\t\t\t<\/div>\n\t\t\t\t<\/div>\n\t\t\t\t\t<\/div>\n\t\t<\/div>\n\t\t\t\t\t<\/div>\n\t\t<\/section>\n\t\t\t\t<\/div>\n\t\t","protected":false},"excerpt":{"rendered":"<p>Als Meisterbetrieb und Innungsmitglied haben wir alle n\u00f6tigen Zulassungen wie z.B. Gas- und Wasserkonzessionen. Weiterhin sind wir Mitglied bei der \u00dcberwachungsgemeinschaft SHK mit Zulassung f\u00fcr \u00d6ltankanlagen. Unsere Mitarbeiter werden durch st\u00e4ndige Weiterbildung bei den Herstellern bestens geschult und sind dadurch technisch immer auf dem neuesten Stand. Lassen Sie Ihre Heizungsanlage und Haustechnik j\u00e4hrlich warten. Durch&hellip;<\/p>\n","protected":false},"author":1,"featured_media":0,"parent":0,"menu_order":0,"comment_status":"closed","ping_status":"closed","template":"","meta":{"footnotes":""},"class_list":["post-552","page","type-page","status-publish","hentry"],"_links":{"self":[{"href":"https:\/\/www.schweitzer-heizungsbau.de\/index.php\/wp-json\/wp\/v2\/pages\/552","targetHints":{"allow":["GET"]}}],"collection":[{"href":"https:\/\/www.schweitzer-heizungsbau.de\/index.php\/wp-json\/wp\/v2\/pages"}],"about":[{"href":"https:\/\/www.schweitzer-heizungsbau.de\/index.php\/wp-json\/wp\/v2\/types\/page"}],"author":[{"embeddable":true,"href":"https:\/\/www.schweitzer-heizungsbau.de\/index.php\/wp-json\/wp\/v2\/users\/1"}],"replies":[{"embeddable":true,"href":"https:\/\/www.schweitzer-heizungsbau.de\/index.php\/wp-json\/wp\/v2\/comments?post=552"}],"version-history":[{"count":0,"href":"https:\/\/www.schweitzer-heizungsbau.de\/index.php\/wp-json\/wp\/v2\/pages\/552\/revisions"}],"wp:attachment":[{"href":"https:\/\/www.schweitzer-heizungsbau.de\/index.php\/wp-json\/wp\/v2\/media?parent=552"}],"curies":[{"name":"wp","href":"https:\/\/api.w.org\/{rel}","templated":true}]}}